198 - s. Suppose 3*m + h = 7*m. What is the greatest common factor of 27 and m?
27
Suppose 6 = c - 4*c. Let y(r) = -26*r**3 - r**2 - 4*r - 5. Let n be y(c). What is the highest common factor of 23 and n?
23
Suppose -2*y + 41 + 75 = 5*j, -132 = -3*y + 3*j. What is the greatest common divisor of y and 36?
12
Let a be ((-1)/(9/315))/((-2)/2). Calculate the highest common divisor of a and 14.
7
Let n(c) be the first derivative of c**4/4 - 2*c**3 - 2*c**2 - 14*c + 11. Let l be n(7). Calculate the highest common divisor of l and 49.
7
Let i = 12 - 9. Suppose -5*l - 3 = -13, 0 = i*r - 2*l - 320. Suppose 0 = 3*j - j - r. What is the highest common factor of j and 6?
6
Suppose 5*q + 3*b = 123, 3*b - 35 = -47. Suppose 4*v + 19 = -4*l - 33, v = 3*l + 27. Let g be (18/(-10))/(2/l). What is the greatest common divisor of g and q?
9
Let f = 136 + -90. Let h = f + -41. Suppose -112 = -4*n + 108. Calculate the greatest common factor of h and n.
5
Let n be (-7 - -11) + (-60)/(-2). Let x be -4 - (-2*n - -1). What is the highest common divisor of x and 7?
7
Let k(n) = n**3 - 9*n**2 + 9*n + 5. Let j be k(9). Let h = j + -85. Calculate the greatest common divisor of h and 5.
1
Let w be (-7658)/(-70) + 3*(-2)/(-10). Calculate the highest common factor of w and 22.
22
Let j(a) = -a**3 - 3*a**2 + 5*a - 5. Let w be j(-5). Suppose -827 = -6*q - 587. Calculate the highest common factor of q and w.
20
Let d = -482 - -534. What is the highest common factor of d and 351?
13
Let q = 893 - 891. Let u = 33 - 15. Calculate the greatest common factor of q and u.
2
Let u be (-6 - 0/(-2))*456/(-36). Let w = u + -72. Calculate the greatest common factor of w and 3.
1
Suppose -4*i + 4*a + 480 = 0, -a - 374 = -3*i - 5*a. Let u = i + -105. Let p = -17 + 85. Calculate the highest common divisor of u and p.
17
Let h(x) = -110*x + 6. Let w be h(-3). Let i be (-4 + w/20)*65. Suppose 3*d - i - 389 = 0. Calculate the highest common factor of d and 37.
37
Suppose -43*x - 16 = -47*x. What is the highest common factor of x and 4?
4
Suppose 5*o = -3*q + 10, -5*o - 2*q + 3 = -2. Let h = 21 - o. What is the highest common factor of 77 and h?
11
Suppose 5*g + 2715 = 5*s, 33*s + 3*g - 2723 = 28*s. What is the highest common factor of s and 32?
32
Suppose 31*w - 733 + 237 = 0. Let n(v) = v**3 - 2*v**2 - 3*v + 2. Let d be n(3). Suppose 0*o = -d*o + 160. Calculate the greatest common divisor of o and w.
16
Let h(q) = q - 20. Let k be h(28). What is the highest common factor of 4 and k?
4
Suppose 8 = -4*w, -6*x + 42 = -2*x - w. Let j be (200/(4*-1))/(-1). What is the highest common factor of j and x?
10
Suppose -10*t - 4*t + 154 = 0. Calculate the greatest common factor of t and 99.
11
Let v = 3467 - 2470. Suppose -j + 506 = 4*f, 5*f + 1111 = 4*j - v. Calculate the highest common divisor of j and 58.
58
Let j = -11 + 13. Suppose j*m - 187 = 153. Let h(p) = 2*p + 34. Let i be h(0). What is the highest common factor of i and m?
34
Let n(x) = x - 23. Let p be n(30). Let k(m) = m**2 - 3*m + 3. Let r be k(-10). Calculate the highest common divisor of r and p.
7
Let q be ((-6)/(-8))/((-2)/(-8)). Suppose 232 = q*c + 94. Let h be c/14 + 8/(-28). What is the greatest common factor of 15 and h?
3
Suppose 107 + 181 = 3*v. What is the highest common divisor of v and 168?
24
Let w = -142 + 337. What is the highest common factor of w and 39?
39
Let j = -98 - -152. Suppose 159 = -5*d + j. Let z be d*(-20)/42*9. What is the greatest common divisor of z and 10?
10
Let m(r) = -53*r - 718. Let f be m(-62). What is the highest common factor of 24 and f?
24
Let k = -40 + 20. Let a be (2 + k)*-1 - -2. Suppose -6*y = -2*y - 20. What is the greatest common divisor of a and y?
5
Let x(u) = -u**2 - 9*u - 8. Let y be x(-6). Suppose 0 = -c + 4*f + 31, 7*f - 11*f - 16 = 0. Calculate the highest common factor of c and y.
5
Let c = -331 - 104. Let y = -292 - c. What is the greatest common divisor of 13 and y?
13
Suppose 3*t = -5*d + 54, -5*t + 0 = -3*d + 12. Let b be (-31 + 1 + -1)/((-1)/(-4)). Let s = 223 + b. What is the greatest common factor of s and d?
9
Let s be 6 + 5/(5/(-3)). Let l be (s - 1 - 4) + 19. Suppose -6*q = -l - 7. What is the highest common factor of q and 36?
4
Let r(v) = -v**2 + 22*v + 44. Let a be r(23). Let s(c) = 6*c**2 - 2*c - 1. Let h be 4/(-5) - 4/20. Let b be s(h). What is the highest common divisor of a and b?
7
Let y be 3/(-5*12/(-460)). Let g(n) = n**2 + 2*n - 12. Let d be g(-7). What is the greatest common factor of d and y?
23
Suppose -6*d = 3*l - d + 17, 0 = -3*d - 12. Let w = 9 + -1. What is the greatest common factor of w and l?
1
Let g be 236/30 + ((-4)/(-30) - 0). Suppose -h - 8 = -2*h. Calculate the highest common factor of h and g.
8
Suppose -6*p - 343 = -121. Let k = 49 + p. Let t be 3*3*2/6. What is the highest common divisor of k and t?
3
Suppose c + 4*h = -12, -2*c - 5*h - 612 = -600. Let y = 5 - 3. What is the greatest common divisor of y and c?
2
Let o = -13 + 26. Let w(u) = -u**3 + 14*u**2 - 12*u + 3. Let v be w(o). Calculate the greatest common factor of 16 and v.
16
Let n(d) = d + 24. Let y be n(-16). Calculate the greatest common divisor of y and 12.
4
Let y(h) = -102*h + 144. Let s be y(0). Calculate the greatest common divisor of 1392 and s.
48
Let y be ((-630)/28)/3*92/(-5). Suppose 2*j - 1035 = -j. Calculate the greatest common divisor of j and y.
69
Let x be -5*(608/10)/(-2). Let c(o) = o**3 - 16*o**2 + 2*o - 13. Let k be c(16). Calculate the greatest common factor of k and x.
19
Let t be (-3)/(-7) - (-53700)/140. Calculate the highest common factor of 12 and t.
12
Let a be -1*(2 + (-2 - 1)). Suppose -3*j - 11 = -5*c, -3*j = 6*c - c + a. Let n be 2*((-88)/j)/2. What is the highest common factor of n and 4?
4
Let i be (2 - (-15)/(-9))/((-1)/(-15)). Suppose -z + 7 = -c, -5*c - i - 3 = -2*z. Calculate the greatest common factor of z and 18.
9
Let o = 14 + -14. Let r(x) = -2*x + 12. Let g be r(o). Calculate the greatest common divisor of 132 and g.
12
Let b be (4 + (-32)/12)*15. Let l be ((-30)/b)/((-1)/6). Let n(y) = y**2 + y - 11. Let r be n(-11). What is the highest common divisor of r and l?
9
Suppose -3*m - 12*m + 240 = 0. What is the highest common factor of 1 and m?
1
Let c = 23 - 14. Suppose -3*v + 3 = -c. Calculate the highest common factor of 1 and v.
1
Let n(q) = -33*q**3 - 2*q - 6. Let x be n(-2). Suppose 3*y = -5*j + x, -j - 649 = -5*y - 231. What is the greatest common factor of 56 and y?
28
Let x = 756 - 452. Calculate the greatest common factor of 95 and x.
19
Let o be 1/((-15)/9 + 2). Suppose z - o*z = -6. Suppose 6*h - 99 = z*h. What is the greatest common factor of h and 11?
11
Suppose 2*g - 16 = 2*l + 6*g, 3*g = -15. Let c = l + 7. Suppose -17*w = -w + 119 - 1415. What is the greatest common divisor of w and c?
9
Suppose 5*t = -5*k - 215, 2*k - 166 = 3*t + t. Let j = t - -63. Suppose 5*y - 3*y - 6 = 0. What is the highest common divisor of j and y?
3
Suppose -4*q + 14 = 2. Suppose 4*c - 3*c - 126 = -q*g, -2*c + g + 252 = 0. What is the highest common divisor of c and 14?
14
Let u be 918/(-10)*(-22 - -17). Calculate the greatest common factor of 27 and u.
27
Suppose -3*k = -2*k, -w = 2*k - 4. Suppose 26 = 5*x - 2*l - 31, 16 = w*l. Calculate the greatest common divisor of 39 and x.
13
Suppose -7*c + 10*c = 3. Let p be 12/c*(-78)/(-8). Calculate the greatest common factor of p and 13.
13
Suppose -4*t + 6*x = x - 318, 0 = 2*t - 3*x - 160. What is the greatest common factor of 35 and t?
7
Let w be (0 - (-22)/33)*60. Calculate the highest common factor of w and 880.
40
Let u = 15 + -12. Suppose 5*y = u*n + 275, 0*y - 5*y - 3*n + 245 = 0. What is the highest common factor of y and 13?
13
Let c(v) = -v**3 - 10*v**2 + 15*v + 68. Let i be c(-11). Calculate the greatest common divisor of 200 and i.
8
Suppose -3 = 3*c + 6. Let g be 492/(-2 - -4) + c. Suppose -2*f + 5*k + 29 = 0, -4*f + 29 = -5*k - 54. Calculate the greatest common divisor of f and g.
27
Suppose 4*d = 829 + 3435. Calculate the greatest common divisor of 82 and d.
82
Suppose 3*i - 123 = 3*w, -5*w = -i - 7 + 68. Calculate the highest common divisor of 603 and i.
9
Let l(u) = -u**3 + 5*u**2 - 5*u + 5. Let v be l(4). Suppose -4 = -k - v. Let z(x) = -2*x + 31. Let t be z(8). Calculate the greatest common div